{"id":11410,"date":"2016-12-05T16:27:32","date_gmt":"2016-12-05T16:27:32","guid":{"rendered":"https:\/\/landscaping.vamtam.com\/?page_id=11410"},"modified":"2024-08-01T23:33:22","modified_gmt":"2024-08-01T21:33:22","slug":"about","status":"publish","type":"page","link":"https:\/\/gpipaysage.fr\/?page_id=11410","title":{"rendered":"Pr\u00e9sentation"},"content":{"rendered":"<div class=\"vgblk-rw-wrapper limit-wrapper\">\n\n\t<h2>GPI Paysage offre un service complet de conception et d&rsquo;entretien de jardins \u00e0 ses clients.<\/h2>\n\t<h4>Nous travaillons avec un groupe restreint et fid\u00e8le de fournisseurs pour garantir une transition fluide et harmonieuse, du concept initial \u00e0 la r\u00e9alisation compl\u00e8te du projet.<\/h4>\n\t\t\t400+\n\t\t\t\t\t\t\tClients satisfaits\n\t<p>Il peut \u00eatre difficile de visualiser \u00e0 quoi pourrait ressembler votre jardin et de d\u00e9terminer o\u00f9 placer les \u00e9l\u00e9ments et les plantes pour obtenir le meilleur effet. Notre r\u00f4le est de vous aider \u00e0 le faire.<\/p>\n\t\t\t4,000+ m\u00b2\n\t\t\t\t\t\t\tHerbe\n\t<p>Chez GPI Paysage, nous adoptons une approche collaborative, en d\u00e9veloppant le concept de design en partenariat avec nos clients et en adaptant le service \u00e0 leurs go\u00fbts, besoins et budget.<\/p>\n\t\t\t1,290+\n\t\t\t\t\t\t\tPlantations\n\t<p>Les plantations sont essentielles pour apporter couleur et vie \u00e0 tout jardin. En choisissant judicieusement les vari\u00e9t\u00e9s, on peut cr\u00e9er des compositions qui fleurissent tout au long de l&rsquo;ann\u00e9e.<\/p>\n\t\t\t\t<a href=\"https:\/\/gpipaysage.fr\/?page_id=12962\" target=\"_self\" itemprop=\"url\" title=\"pic1\" rel=\"noopener\">\n\t\t\t\t\t\t\t<img loading=\"lazy\" decoding=\"async\" src=\"https:\/\/gpipaysage.fr\/wp-content\/uploads\/2016\/12\/pic1-4.jpg\" alt=\"pic1\" itemprop=\"image\" height=\"460\" width=\"400\" data-link-type=\"url\" title=\"pic1\" onerror=\"this.style.display='none'\"  sizes=\"auto, (max-width: 768px) 100vw, 100vw\" srcset=\"https:\/\/gpipaysage.fr\/wp-content\/uploads\/2016\/12\/pic1-4.jpg 400w, https:\/\/gpipaysage.fr\/wp-content\/uploads\/2016\/12\/pic1-4-261x300.jpg 261w, https:\/\/gpipaysage.fr\/wp-content\/uploads\/2016\/12\/pic1-4-315x362.jpg 315w\" \/>\t\t\t\t\t\t<\/a>\n<h3>\n\t\t\t<a href=\"https:\/\/gpipaysage.fr\/?page_id=12962\" title=\"Cr\u00e9ation\" target=\"_self\" rel=\"noopener\">\n\tCr\u00e9ation\n\t\t\t<\/a>\n\t<\/h3>\n\t\t\t\t<a href=\"https:\/\/gpipaysage.fr\/?page_id=12964\" target=\"_self\" itemprop=\"url\" title=\"pic2\" rel=\"noopener\">\n\t\t\t\t\t\t\t<img loading=\"lazy\" decoding=\"async\" src=\"https:\/\/gpipaysage.fr\/wp-content\/uploads\/2016\/12\/pic2-5.jpg\" alt=\"pic2\" itemprop=\"image\" height=\"460\" width=\"400\" data-link-type=\"url\" title=\"pic2\" onerror=\"this.style.display='none'\"  sizes=\"auto, (max-width: 768px) 100vw, 100vw\" srcset=\"https:\/\/gpipaysage.fr\/wp-content\/uploads\/2016\/12\/pic2-5.jpg 400w, https:\/\/gpipaysage.fr\/wp-content\/uploads\/2016\/12\/pic2-5-261x300.jpg 261w, https:\/\/gpipaysage.fr\/wp-content\/uploads\/2016\/12\/pic2-5-315x362.jpg 315w\" \/>\t\t\t\t\t\t<\/a>\n<h3>\n\t\t\t<a href=\"https:\/\/gpipaysage.fr\/?page_id=12964\" title=\"Conception\" target=\"_self\" rel=\"noopener\">\n\tConception\n\t\t\t<\/a>\n\t<\/h3>\n\t\t\t\t<a href=\"https:\/\/gpipaysage.fr\/?page_id=12972\" target=\"_self\" itemprop=\"url\" title=\"pic3\" rel=\"noopener\">\n\t\t\t\t\t\t\t<img loading=\"lazy\" decoding=\"async\" src=\"https:\/\/gpipaysage.fr\/wp-content\/uploads\/2016\/12\/pic3-3.jpg\" alt=\"pic3\" itemprop=\"image\" height=\"460\" width=\"400\" data-link-type=\"url\" title=\"pic3\" onerror=\"this.style.display='none'\"  sizes=\"auto, (max-width: 768px) 100vw, 100vw\" srcset=\"https:\/\/gpipaysage.fr\/wp-content\/uploads\/2016\/12\/pic3-3.jpg 400w, https:\/\/gpipaysage.fr\/wp-content\/uploads\/2016\/12\/pic3-3-261x300.jpg 261w, https:\/\/gpipaysage.fr\/wp-content\/uploads\/2016\/12\/pic3-3-315x362.jpg 315w\" \/>\t\t\t\t\t\t<\/a>\n<h3>\n\t\t\t<a href=\"https:\/\/gpipaysage.fr\/?page_id=12972\" title=\"Entretien\" target=\"_self\" rel=\"noopener\">\n\tEntretien\n\t\t\t<\/a>\n\t<\/h3>\n\t\t\t\t<a href=\"https:\/\/gpipaysage.fr\/?page_id=14464\" target=\"_self\" itemprop=\"url\" title=\"test\" rel=\"noopener\">\n\t\t\t\t\t\t\t<img loading=\"lazy\" decoding=\"async\" src=\"https:\/\/gpipaysage.fr\/wp-content\/uploads\/2024\/08\/test.jpg\" alt=\"test\" itemprop=\"image\" height=\"460\" width=\"400\" data-link-type=\"url\" title=\"test\" onerror=\"this.style.display='none'\"  sizes=\"auto, (max-width: 768px) 100vw, 100vw\" srcset=\"https:\/\/gpipaysage.fr\/wp-content\/uploads\/2024\/08\/test.jpg 400w, https:\/\/gpipaysage.fr\/wp-content\/uploads\/2024\/08\/test-261x300.jpg 261w, https:\/\/gpipaysage.fr\/wp-content\/uploads\/2024\/08\/test-315x362.jpg 315w\" \/>\t\t\t\t\t\t<\/a>\n<h3>\n\t\t\t<a href=\"https:\/\/gpipaysage.fr\/?page_id=14464\" title=\"Am\u00e9nagement\" target=\"_self\" rel=\"noopener\">\n\tAm\u00e9nagement\n\t\t\t<\/a>\n\t<\/h3>\n<h5>\n\tNous nous occupons de tout pour vous !\n\t<\/h5>\n\t<a href=\"https:\/\/gpipaysage.fr\/?page_id=11406\" target=\"_self\" role=\"button\" rel=\"noopener\">\n\t\t\t\t\tVoir toutes les prestations\n\t<\/a>\n\t<ul>\n<li>Gestion compl\u00e8te de projet<\/li>\n<li>Conception et mod\u00e9lisation<\/li>\n<li>Ing\u00e9nierie<\/li>\n<\/ul>\n\t<ul>\n<li>Construction<\/li>\n<li>Entretien r\u00e9gulier du jardin<\/li>\n<li>\nTaille et \u00e9lagage\n<\/li>\n<\/ul>\n\t<ul>\n<li>Irrigation et drainage<\/li>\n<li>Plantation et enl\u00e8vement<\/li>\n<li>\nD\u00e9neigement\n<\/li>\n<\/ul>\n<h4>\n\tPlanification et Conception\n\t<\/h4>\n\t<p>La premi\u00e8re \u00e9tape consiste \u00e0 r\u00e9aliser une analyse d\u00e9taill\u00e9e de votre demande pour formuler un devis. Cela se fait g\u00e9n\u00e9ralement lors d&rsquo;une prise de contact, suivie d&rsquo;une visite sur site.<\/p>\n<h4>\n\tPr\u00e9paration du site\n\t<\/h4>\n\t<p>L&rsquo;\u00e9tape suivante consiste \u00e0 pr\u00e9parer le site en amont de l&rsquo;intervention. Cette pr\u00e9paration permet de mieux comprendre les am\u00e9nagements \u00e0 venir et d&rsquo;optimiser la r\u00e9alisation du projet.<\/p>\n<h4>\n\tR\u00e9alisation et Finition\n\t<\/h4>\n\t<p>L&rsquo;\u00e9tape de r\u00e9alisation implique la mise en \u0153uvre concr\u00e8te du projet, incluant l&rsquo;installation des structures et les travaux de construction. Les finitions assurent un rendu impeccable avec des ajustements finaux et le nettoyage du site.<\/p>\n<h2>\n\tPourquoi nous ?\n\t<\/h2>\n\t<p>GPI Paysage est une entreprise de services complets d&rsquo;entretien paysager. Nous allions expertise \u00e9prouv\u00e9e, engagement envers la satisfaction client et passion pour l&rsquo;excellence. Nos solutions compl\u00e8tes et personnalis\u00e9es garantissent un entretien paysager impeccable pour embellir et valoriser vos espaces ext\u00e9rieurs.<\/p>\n<h2>\n\tNos missions.\n\t<\/h2>\n\t<p>Notre entreprise s&rsquo;occupe de la conception, de la cr\u00e9ation et de l&rsquo;entretien des espaces verts. Au quotidien, nous plantons, taillons, arrosons et fertilisons les plantes, entretenons les pelouses et les haies, et veillons \u00e0 la sant\u00e9 des v\u00e9g\u00e9taux. Nous installons \u00e9galement des syst\u00e8mes d&rsquo;irrigation, des structures d\u00e9coratives et des \u00e9l\u00e9ments paysagers tout en assurant un am\u00e9nagement harmonieux et durable.<\/p>\n<h2>\n\tApportez la nature chez vous.\n\t<\/h2>\n<h4>\n\tNous ne faisons pas de compromis pour satisfaire vos attentes.\n\t<\/h4>\n\tRemarque\u00a0: JavaScript est requis pour ce contenu.\n        <!-- That data is being printed as a workaround to page builders reordering the order of the scripts loaded-->\n        \n<\/div><!-- .vgblk-rw-wrapper -->","protected":false},"excerpt":{"rendered":"<p>GPI Paysage offre un service complet de conception et d&rsquo;entretien de jardins \u00e0 ses clients. Nous travaillons avec un groupe restreint et fid\u00e8le de fournisseurs pour garantir une transition fluide et harmonieuse, du concept initial \u00e0 la r\u00e9alisation compl\u00e8te du projet. 400+ Clients satisfaits Il peut \u00eatre difficile de visualiser \u00e0 quoi pourrait ressembler votre&#8230;<\/p>\n","protected":false},"author":1,"featured_media":0,"parent":0,"menu_order":0,"comment_status":"closed","ping_status":"closed","template":"","meta":{"footnotes":""},"class_list":["post-11410","page","type-page","status-publish","hentry"],"yoast_head":"<!-- This site is optimized with the Yoast SEO plugin v26.6 - https:\/\/yoast.com\/wordpress\/plugins\/seo\/ -->\n<title>Pr\u00e9sentation - gpipaysage<\/title>\n<meta name=\"robots\" content=\"index, follow, max-snippet:-1, max-image-preview:large, max-video-preview:-1\" \/>\n<link rel=\"canonical\" href=\"https:\/\/gpipaysage.fr\/?page_id=11410\" \/>\n<meta property=\"og:locale\" content=\"fr_FR\" \/>\n<meta property=\"og:type\" content=\"article\" \/>\n<meta property=\"og:title\" content=\"Pr\u00e9sentation - gpipaysage\" \/>\n<meta property=\"og:description\" content=\"GPI Paysage offre un service complet de conception et d&rsquo;entretien de jardins \u00e0 ses clients. Nous travaillons avec un groupe restreint et fid\u00e8le de fournisseurs pour garantir une transition fluide et harmonieuse, du concept initial \u00e0 la r\u00e9alisation compl\u00e8te du projet. 400+ Clients satisfaits Il peut \u00eatre difficile de visualiser \u00e0 quoi pourrait ressembler votre...\" \/>\n<meta property=\"og:url\" content=\"https:\/\/gpipaysage.fr\/?page_id=11410\" \/>\n<meta property=\"og:site_name\" content=\"gpipaysage\" \/>\n<meta property=\"article:publisher\" content=\"https:\/\/www.facebook.com\/profile.php?id=61562279649544\" \/>\n<meta property=\"article:modified_time\" content=\"2024-08-01T21:33:22+00:00\" \/>\n<meta property=\"og:image\" content=\"https:\/\/gpipaysage.fr\/wp-content\/uploads\/2016\/12\/pic1-4.jpg\" \/>\n<meta name=\"twitter:card\" content=\"summary_large_image\" \/>\n<meta name=\"twitter:site\" content=\"@gpipaysage\" \/>\n<meta name=\"twitter:label1\" content=\"Dur\u00e9e de lecture estim\u00e9e\" \/>\n\t<meta name=\"twitter:data1\" content=\"2 minutes\" \/>\n<script type=\"application\/ld+json\" class=\"yoast-schema-graph\">{\"@context\":\"https:\/\/schema.org\",\"@graph\":[{\"@type\":\"WebPage\",\"@id\":\"https:\/\/gpipaysage.fr\/?page_id=11410\",\"url\":\"https:\/\/gpipaysage.fr\/?page_id=11410\",\"name\":\"Pr\u00e9sentation - gpipaysage\",\"isPartOf\":{\"@id\":\"https:\/\/gpipaysage.fr\/#website\"},\"primaryImageOfPage\":{\"@id\":\"https:\/\/gpipaysage.fr\/?page_id=11410#primaryimage\"},\"image\":{\"@id\":\"https:\/\/gpipaysage.fr\/?page_id=11410#primaryimage\"},\"thumbnailUrl\":\"https:\/\/gpipaysage.fr\/wp-content\/uploads\/2016\/12\/pic1-4.jpg\",\"datePublished\":\"2016-12-05T16:27:32+00:00\",\"dateModified\":\"2024-08-01T21:33:22+00:00\",\"breadcrumb\":{\"@id\":\"https:\/\/gpipaysage.fr\/?page_id=11410#breadcrumb\"},\"inLanguage\":\"fr-FR\",\"potentialAction\":[{\"@type\":\"ReadAction\",\"target\":[\"https:\/\/gpipaysage.fr\/?page_id=11410\"]}]},{\"@type\":\"ImageObject\",\"inLanguage\":\"fr-FR\",\"@id\":\"https:\/\/gpipaysage.fr\/?page_id=11410#primaryimage\",\"url\":\"https:\/\/gpipaysage.fr\/wp-content\/uploads\/2016\/12\/pic1-4.jpg\",\"contentUrl\":\"https:\/\/gpipaysage.fr\/wp-content\/uploads\/2016\/12\/pic1-4.jpg\",\"width\":400,\"height\":460},{\"@type\":\"BreadcrumbList\",\"@id\":\"https:\/\/gpipaysage.fr\/?page_id=11410#breadcrumb\",\"itemListElement\":[{\"@type\":\"ListItem\",\"position\":1,\"name\":\"Accueil\",\"item\":\"https:\/\/gpipaysage.fr\/\"},{\"@type\":\"ListItem\",\"position\":2,\"name\":\"Pr\u00e9sentation\"}]},{\"@type\":\"WebSite\",\"@id\":\"https:\/\/gpipaysage.fr\/#website\",\"url\":\"https:\/\/gpipaysage.fr\/\",\"name\":\"gpipaysage\",\"description\":\"\",\"publisher\":{\"@id\":\"https:\/\/gpipaysage.fr\/#organization\"},\"alternateName\":\"gpi paysage\",\"potentialAction\":[{\"@type\":\"SearchAction\",\"target\":{\"@type\":\"EntryPoint\",\"urlTemplate\":\"https:\/\/gpipaysage.fr\/?s={search_term_string}\"},\"query-input\":{\"@type\":\"PropertyValueSpecification\",\"valueRequired\":true,\"valueName\":\"search_term_string\"}}],\"inLanguage\":\"fr-FR\"},{\"@type\":\"Organization\",\"@id\":\"https:\/\/gpipaysage.fr\/#organization\",\"name\":\"gpipaysage\",\"alternateName\":\"gpi paysage\",\"url\":\"https:\/\/gpipaysage.fr\/\",\"logo\":{\"@type\":\"ImageObject\",\"inLanguage\":\"fr-FR\",\"@id\":\"https:\/\/gpipaysage.fr\/#\/schema\/logo\/image\/\",\"url\":\"https:\/\/gpipaysage.fr\/wp-content\/uploads\/2024\/08\/Paysage-1.jpg\",\"contentUrl\":\"https:\/\/gpipaysage.fr\/wp-content\/uploads\/2024\/08\/Paysage-1.jpg\",\"width\":500,\"height\":500,\"caption\":\"gpipaysage\"},\"image\":{\"@id\":\"https:\/\/gpipaysage.fr\/#\/schema\/logo\/image\/\"},\"sameAs\":[\"https:\/\/www.facebook.com\/profile.php?id=61562279649544\",\"https:\/\/x.com\/gpipaysage\",\"https:\/\/www.instagram.com\/gpipaysage\/\"]}]}<\/script>\n<!-- \/ Yoast SEO plugin. -->","yoast_head_json":{"title":"Pr\u00e9sentation - gpipaysage","robots":{"index":"index","follow":"follow","max-snippet":"max-snippet:-1","max-image-preview":"max-image-preview:large","max-video-preview":"max-video-preview:-1"},"canonical":"https:\/\/gpipaysage.fr\/?page_id=11410","og_locale":"fr_FR","og_type":"article","og_title":"Pr\u00e9sentation - gpipaysage","og_description":"GPI Paysage offre un service complet de conception et d&rsquo;entretien de jardins \u00e0 ses clients. Nous travaillons avec un groupe restreint et fid\u00e8le de fournisseurs pour garantir une transition fluide et harmonieuse, du concept initial \u00e0 la r\u00e9alisation compl\u00e8te du projet. 400+ Clients satisfaits Il peut \u00eatre difficile de visualiser \u00e0 quoi pourrait ressembler votre...","og_url":"https:\/\/gpipaysage.fr\/?page_id=11410","og_site_name":"gpipaysage","article_publisher":"https:\/\/www.facebook.com\/profile.php?id=61562279649544","article_modified_time":"2024-08-01T21:33:22+00:00","og_image":[{"url":"https:\/\/gpipaysage.fr\/wp-content\/uploads\/2016\/12\/pic1-4.jpg","type":"","width":"","height":""}],"twitter_card":"summary_large_image","twitter_site":"@gpipaysage","twitter_misc":{"Dur\u00e9e de lecture estim\u00e9e":"2 minutes"},"schema":{"@context":"https:\/\/schema.org","@graph":[{"@type":"WebPage","@id":"https:\/\/gpipaysage.fr\/?page_id=11410","url":"https:\/\/gpipaysage.fr\/?page_id=11410","name":"Pr\u00e9sentation - gpipaysage","isPartOf":{"@id":"https:\/\/gpipaysage.fr\/#website"},"primaryImageOfPage":{"@id":"https:\/\/gpipaysage.fr\/?page_id=11410#primaryimage"},"image":{"@id":"https:\/\/gpipaysage.fr\/?page_id=11410#primaryimage"},"thumbnailUrl":"https:\/\/gpipaysage.fr\/wp-content\/uploads\/2016\/12\/pic1-4.jpg","datePublished":"2016-12-05T16:27:32+00:00","dateModified":"2024-08-01T21:33:22+00:00","breadcrumb":{"@id":"https:\/\/gpipaysage.fr\/?page_id=11410#breadcrumb"},"inLanguage":"fr-FR","potentialAction":[{"@type":"ReadAction","target":["https:\/\/gpipaysage.fr\/?page_id=11410"]}]},{"@type":"ImageObject","inLanguage":"fr-FR","@id":"https:\/\/gpipaysage.fr\/?page_id=11410#primaryimage","url":"https:\/\/gpipaysage.fr\/wp-content\/uploads\/2016\/12\/pic1-4.jpg","contentUrl":"https:\/\/gpipaysage.fr\/wp-content\/uploads\/2016\/12\/pic1-4.jpg","width":400,"height":460},{"@type":"BreadcrumbList","@id":"https:\/\/gpipaysage.fr\/?page_id=11410#breadcrumb","itemListElement":[{"@type":"ListItem","position":1,"name":"Accueil","item":"https:\/\/gpipaysage.fr\/"},{"@type":"ListItem","position":2,"name":"Pr\u00e9sentation"}]},{"@type":"WebSite","@id":"https:\/\/gpipaysage.fr\/#website","url":"https:\/\/gpipaysage.fr\/","name":"gpipaysage","description":"","publisher":{"@id":"https:\/\/gpipaysage.fr\/#organization"},"alternateName":"gpi paysage","potentialAction":[{"@type":"SearchAction","target":{"@type":"EntryPoint","urlTemplate":"https:\/\/gpipaysage.fr\/?s={search_term_string}"},"query-input":{"@type":"PropertyValueSpecification","valueRequired":true,"valueName":"search_term_string"}}],"inLanguage":"fr-FR"},{"@type":"Organization","@id":"https:\/\/gpipaysage.fr\/#organization","name":"gpipaysage","alternateName":"gpi paysage","url":"https:\/\/gpipaysage.fr\/","logo":{"@type":"ImageObject","inLanguage":"fr-FR","@id":"https:\/\/gpipaysage.fr\/#\/schema\/logo\/image\/","url":"https:\/\/gpipaysage.fr\/wp-content\/uploads\/2024\/08\/Paysage-1.jpg","contentUrl":"https:\/\/gpipaysage.fr\/wp-content\/uploads\/2024\/08\/Paysage-1.jpg","width":500,"height":500,"caption":"gpipaysage"},"image":{"@id":"https:\/\/gpipaysage.fr\/#\/schema\/logo\/image\/"},"sameAs":["https:\/\/www.facebook.com\/profile.php?id=61562279649544","https:\/\/x.com\/gpipaysage","https:\/\/www.instagram.com\/gpipaysage\/"]}]}},"jetpack_sharing_enabled":true,"_links":{"self":[{"href":"https:\/\/gpipaysage.fr\/index.php?rest_route=\/wp\/v2\/pages\/11410","targetHints":{"allow":["GET"]}}],"collection":[{"href":"https:\/\/gpipaysage.fr\/index.php?rest_route=\/wp\/v2\/pages"}],"about":[{"href":"https:\/\/gpipaysage.fr\/index.php?rest_route=\/wp\/v2\/types\/page"}],"author":[{"embeddable":true,"href":"https:\/\/gpipaysage.fr\/index.php?rest_route=\/wp\/v2\/users\/1"}],"replies":[{"embeddable":true,"href":"https:\/\/gpipaysage.fr\/index.php?rest_route=%2Fwp%2Fv2%2Fcomments&post=11410"}],"version-history":[{"count":4,"href":"https:\/\/gpipaysage.fr\/index.php?rest_route=\/wp\/v2\/pages\/11410\/revisions"}],"predecessor-version":[{"id":987769,"href":"https:\/\/gpipaysage.fr\/index.php?rest_route=\/wp\/v2\/pages\/11410\/revisions\/987769"}],"wp:attachment":[{"href":"https:\/\/gpipaysage.fr\/index.php?rest_route=%2Fwp%2Fv2%2Fmedia&parent=11410"}],"curies":[{"name":"wp","href":"https:\/\/api.w.org\/{rel}","templated":true}]}}